157 = 4*n + 2*v, 2*n - f*v + 109 = 0. Let s = 101 + n. What is the units digit of s?
8
Let b(d) = 384*d + 74. Let z(t) = 131*t + 26. Let k(o) = -3*b(o) + 8*z(o). Let g(h) = h**3 + 2*h**2 + h. Let x be g(-2). What is the tens digit of k(x)?
9
What is the units digit of (-53)/((-212)/137664) + 21?
7
Let b(u) = 2*u**3 - 242*u**2 - 492*u + 6. Let h be b(123). Let j = 61 + -33. What is the hundreds digit of h*j - (1 + 3)?
1
Let u(o) = 6*o**2 - 6*o + 16. Let j be u(2). Suppose 1793 = j*p - 17*p. What is the hundreds digit of p?
1
Let f(c) = c**3 + 14*c**2 + 24*c + 19. Suppose -5*d - 61 = -l, -d + l = -2*l + 15. What is the units digit of f(d)?
9
Let s(o) = 826*o + 1929. What is the hundreds digit of s(7)?
7
Let x = 127052 + -84926. What is the thousands digit of x?
2
Let b(o) = -589*o**3 - 25*o**2 - 72*o + 25. What is the units digit of b(-4)?
9
Let p(k) = k**2 - 8*k + 11. Let t be p(8). Suppose -9 = r - 25. Let z = t + r. What is the tens digit of z?
2
Let x = -17247 + 24397. What is the thousands digit of x?
7
Suppose 12 = k - 5*z, -6*k = -7*k + z + 4. Let q(j) = 11*j**3 - 3*j**2 + 2*j**2 - 2*j**2 + 8*j - 2. What is the tens digit of q(k)?
9
Let o(d) = 8*d + 50. Let b be o(-11). What is the units digit of ((-129)/(-43))/((-44)/b + -1)?
9
Let l be 24*((-52)/(-12) - 4). Suppose -l - 87 = 5*y. What is the hundreds digit of 896/5 + y/95?
1
Let p be 7*(60 + 2)*-1. Let y = p + 1072. What is the hundreds digit of y?
6
Let h be 6/(5/10 - 14/30). Let j = 91 + h. What is the units digit of j?
1
Suppose -10*j - 456 + 6272 + 95444 = 0. What is the hundreds digit of j?
1
Let k be 4*(-5 + 4) + 2. What is the units digit of ((-3)/k)/((-27)/36) + 227?
5
Let a be (-9)/108*6*0/(-2). Suppose -4*k + 2*k = -74. Suppose 4*j + 4*u - 252 = a, k = 2*j + 4*u - 87. What is the tens digit of j?
6
Let n(i) = -i**3 - 9*i**2 - i - 6. Let m be n(-6). Let j = m + 375. What is the units digit of j?
7
Let q(z) = z**3 - 11*z**2 - 16*z - 5. Let k be q(12). Let s = k - -234. What is the units digit of s?
1
Suppose 5953 = 20*y - 12847. Let h = y + -114. What is the hundreds digit of h?
8
Let k(o) = 73*o**2 - 3*o. Let c be k(-1). Suppose -y + c = t, 3*t - 401 = -5*y + 5*t. What is the tens digit of y?
7
Suppose 4*x = 5*u - 360, u = -4*x + 2*x - 166. Let z(r) = r**2 - 15*r - 7. Let q be z(11). Let p = q - x. What is the units digit of p?
4
Let q(b) = -8*b - 16. Let u be q(-5). Let n be 32/(-6)*(-1 - (-26)/8). Let d = u + n. What is the units digit of d?
2
Suppose -17*t - 8*t = 100. Let f(q) = 45*q**2 - 21. What is the units digit of f(t)?
9
Suppose -420*s + 5684375 = -313*s. What is the hundreds digit of s?
1
Let q be 12 + -1 + (7 - 13). Suppose -k + 68 + 41 = -3*p, -q*p = 5*k - 465. What is the units digit of k?
7
Let d = 1626 - 33. Suppose 198 = -15*i + d. What is the units digit of i?
3
Let u be 7/((-35)/50)*(-4)/8. Suppose n + 5*d = u*n - 45, 3*d = -4*n + 69. What is the units digit of n?
5
Let c(v) = -215*v + 3693. What is the hundreds digit of c(-17)?
3
Suppose 34*u - 126228 = 253561 - 65493. What is the tens digit of u?
4
Suppose -32*w + 34*w - 2*a - 91708 = 0, 2*w - 3*a = 91713. What is the thousands digit of w?
5
Let h(t) = t - 35. Suppose 13*w - 126 = 4*w. Let f be h(w). What is the tens digit of 90/f + 4 - 354/(-14)?
2
Suppose -18*s + 19 = -35. Suppose 400 = s*f - 14. What is the hundreds digit of f?
1
Let i(u) = 2*u + 3*u - 7*u - 8*u**2 + 27*u**2 - 23 + 23*u. What is the units digit of i(7)?
5
Let f be 1*(70/15 - (-5)/(-3)). Suppose 12 = 4*t, -195 = -f*r + r + t. What is the tens digit of r?
9
Let r(k) = k**2 + 3*k + 2. Let g be r(-3). Suppose 0*z + 168 = 4*n + 4*z, g*z - 160 = -4*n. Suppose 0 = n*u - 40*u + 98. What is the units digit of u?
9
Let u(l) = 22*l + 1 - 140*l**2 - 11 + 147*l**2. What is the tens digit of u(5)?
7
Let a = 11 - -6460. What is the units digit of a?
1
What is the thousands digit of -151 - -160 - (-5670 - (-1 + 2))?
5
Suppose o - 4*u = 70, 0*o + 5*u + 73 = o. Let w = -55 + o. Suppose -3*r - w*i = -2*r - 47, -3*i + 94 = 2*r. What is the tens digit of r?
4
Suppose -2*f = 8, 2*k - 2*f = -2*k + 20. Suppose k*u = 8*u - 885. Suppose -c + u = 2*l, -c = 4*c - 25. What is the tens digit of l?
8
Let v(c) be the first derivative of -c**4/4 + 19*c**3/3 + 5*c**2/2 - 30*c - 93. What is the units digit of v(19)?
5
Suppose -139620 = 151*y - 166*y. What is the units digit of y?
8
Suppose 3*j + 3*i - 264 = 0, -2*j - 5*i = -0*i - 191. Suppose 17 = -t - 5*v - 0*v, 5*t + 3*v + 151 = 0. Let p = t + j. What is the tens digit of p?
5
Let h(a) = -67*a**3 + 24*a**2 + 217*a + 20. What is the thousands digit of h(-6)?
4
Suppose -2*k - 9*k = -88. Let u = -21 + k. Let f = u + 29. What is the units digit of f?
6
Let w = -8227 - -14112. What is the units digit of w?
5
Suppose 5*j = -5*d + 6865, 5*d + j + 1940 = 8789. What is the units digit of d?
9
Suppose 0 = h + 4*p - 227, -3*h + p - 5*p + 673 = 0. Suppose 3*d = r - h, -560 - 142 = -3*r - 2*d. What is the units digit of r?
2
Let d(g) = -13*g + 5*g - 176*g**2 + 177*g**2 + 13. Let k be d(5). What is the tens digit of ((-441)/(-6))/(-7)*k?
2
Suppose 2*m - 25 = -3*m. What is the hundreds digit of (m/15)/((-6)/(-6714))?
3
Suppose o = -h - o + 8, 3*h - 2*o = 56. Suppose 54 + h = 35*w. What is the units digit of w?
2
Let c be (1/2)/((-15)/(-90)). Suppose 4*v - 796 = -5*u, -c*v + 5*v = -2. Suppose -28*g = -24*g - u. What is the tens digit of g?
4
Let p = 122 - -30. Let k be 6/(-9) + 680/12. Suppose k*m - p = 52*m. What is the tens digit of m?
3
Suppose -169*p + 57995 - 503945 = -199*p. What is the ten thousands digit of p?
1
Suppose -2*k = -j - 2*j + 734, 0 = -3*k - 3*j - 1086. Let f = k + 704. What is the units digit of f?
0
Suppose 4466 = 7*z - 0*z. Let o = z + -280. What is the tens digit of o?
5
Let t = 8051 - 2270. What is the thousands digit of t?
5
Let i = 11394 + 2098. What is the tens digit of i?
9
Let l(w) = 171*w**2 - w - 7. Let a(o) = -o**2 - 1. Let u(b) = -4*a(b) + l(b). What is the tens digit of u(-1)?
7
Let i = -40 - -34. Let j be (-683)/(-5) + (2 - (-24)/(-15)). Let z = j - i. What is the hundreds digit of z?
1
Let q = 29 + -33. Let t be q/((-8)/478) - -2. Suppose -3*l - 345 = -3*z, -l + t = 2*z - 4. What is the hundreds digit of z?
1
Suppose -2*n + 317 = -2*u + 1301, -5*n = -3*u + 2462. Let d = n - -861. Suppose 0 = 4*f - 96 - d. What is the tens digit of f?
1
Suppose -4*j + 42704 = 4*o, -1501*j + 1506*j = 5*o - 53310. What is the units digit of o?
9
Let o be (-53)/(-4) - 12/48. Let t(x) = 12 + 35*x + 4*x - o. What is the units digit of t(2)?
7
Suppose -8*k = -699 + 203. Suppose -93 = -3*u + 5*m, 0*m = -2*u + 2*m + k. What is the units digit of u?
1
Let a be 2 + 1 - 1/((-2)/486). Let m = a - 169. Suppose -20 = -5*p, -t + 3*p - m = -6*t. What is the tens digit of t?
1
Suppose -f = -3, 266*f = 4*i + 270*f - 126284. What is the tens digit of i?
6
Suppose 12*l + 91*l + 15*l - 1328326 = 0. What is the thousands digit of l?
1
Let z(n) be the first derivative of n**4/4 + 7*n**3 + 7*n**2/2 + 4*n + 138. What is the tens digit of z(-11)?
3
Let c(a) = a**2 + a + 2. Let p be c(0). Suppose 0*d - 166 = -p*d. Let g = 47 + d. What is the hundreds digit of g?
1
Let k be 1/(-4) + 39/12. Suppose 3*a - 2*w - 19 = -0*w, k*w + 6 = 0. Suppose a*g - 8 = 62. What is the tens digit of g?
1
What is the thousands digit of ((-76)/(-70) + 14/(-49))/((-1)/(-16415))?
3
Suppose -9*u - 74364 = -50*u + 55975. What is the units digit of u?
9
Let y(o) = 24*o**3. Let h be y(1). Let i be (1 - 4)/(h/(-16)). Suppose 4*n = 3*n, i*q - 242 = 4*n. What is the tens digit of q?
2
Suppose 243 + 629 = 4*s. Let v = s - 9. Suppose v + 13 = 3*r. What is the units digit of r?
4
Suppose -3*z - 10 = -1. What is the units digit of (z + 8/16)*-62?
5
Suppose -49*o + 54 + 191 = 0. Suppose 3*g + d - 319 = 1201, o*g = -2*d + 2532. What is the units digit of g?
8
Let d(s) = -s**2 - 8*s + 17. Let i be d(-8). Suppose 5*b = i*b - 3960. What is the tens digit of b?
3
Let d be 2/(-3) - (-338)/(-6). Let w = d + 298. What is the hundreds digit of w?
2
Let k(n) = 2*n**3 - 6*n**2 + 10*n + 5. Let r be k(4). Suppose -1471 = -2*v + r. What is the hundreds digit of v?
7
Let i be 0 + (3/6)/(1/(-32)). Let a(o) = -42*o + 224. What is the tens digit of a(i)?
9
Suppose 391*m + 63128 = 417*m. What 